{"id":990,"date":"2023-05-26T13:29:20","date_gmt":"2023-05-26T13:29:20","guid":{"rendered":"https:\/\/en.philor.org\/?page_id=990"},"modified":"2023-07-04T07:52:24","modified_gmt":"2023-07-04T07:52:24","slug":"lectures-of-cpr2023","status":"publish","type":"page","link":"https:\/\/en.iaphilor.org\/?page_id=990","title":{"rendered":"Lectures of CPR2023"},"content":{"rendered":"\n<p class=\"has-text-align-center\"><strong>Keynote Speaker, Tuesday 9 May 2023, Main Hall of Campus Center<\/strong><\/p>\n\n\n\n<p class=\"has-text-align-center\">Ayd\u0131n Topalo\u011flu: Erigena and Ibn Arabi on Mystical Experience<\/p>\n\n\n\n<style>.h_iframe-aparat_embed_frame{position:relative;}.h_iframe-aparat_embed_frame .ratio{display:block;width:100%;height:auto;}.h_iframe-aparat_embed_frame iframe{position:absolute;top:0;left:0;width:100%;height:100%;}<\/style><div class=\"h_iframe-aparat_embed_frame\"><span style=\"display: block;padding-top: 57%\"><\/span><iframe src=\"https:\/\/www.aparat.com\/video\/video\/embed\/videohash\/E3N6b\/vt\/frame\" allowfullscreen=\"true\" webkitallowfullscreen=\"true\" mozallowfullscreen=\"true\"><\/iframe><\/div>\n\n\n\n<p class=\"has-text-align-center\"><strong>Panel 1, <strong>Tuesday 9 May 2023<\/strong><\/strong>,<strong> 13:00 \u2013 15:00 (UTC), Ibn-Sina Hall (7<sup>th<\/sup> floor of Campus Center)<\/strong><\/p>\n\n\n\n<p class=\"has-text-align-center\">Bet\u00fcl Akdemir S\u00fcleyman: Can I See God with My Body? <\/p>\n\n\n\n<style>.h_iframe-aparat_embed_frame{position:relative;}.h_iframe-aparat_embed_frame .ratio{display:block;width:100%;height:auto;}.h_iframe-aparat_embed_frame iframe{position:absolute;top:0;left:0;width:100%;height:100%;}<\/style><div class=\"h_iframe-aparat_embed_frame\"><span style=\"display: block;padding-top: 57%\"><\/span><iframe src=\"https:\/\/www.aparat.com\/video\/video\/embed\/videohash\/dP4fW\/vt\/frame\" allowfullscreen=\"true\" webkitallowfullscreen=\"true\" mozallowfullscreen=\"true\"><\/iframe><\/div>\n\n\n\n<p class=\"has-text-align-center\">Tugay Ta\u015f\u00e7\u0131: Philosophical Theism and the Argument from Religious Experience: A Case for a Complementary Approach Based on Truth-Maker Theory<\/p>\n\n\n\n<style>.h_iframe-aparat_embed_frame{position:relative;}.h_iframe-aparat_embed_frame .ratio{display:block;width:100%;height:auto;}.h_iframe-aparat_embed_frame iframe{position:absolute;top:0;left:0;width:100%;height:100%;}<\/style><div class=\"h_iframe-aparat_embed_frame\"><span style=\"display: block;padding-top: 57%\"><\/span><iframe src=\"https:\/\/www.aparat.com\/video\/video\/embed\/videohash\/0Idq8\/vt\/frame\" allowfullscreen=\"true\" webkitallowfullscreen=\"true\" mozallowfullscreen=\"true\"><\/iframe><\/div>\n\n\n\n<p class=\"has-text-align-center\">Rasoul Rahbari Ghazani: Mystical Contemplation or Rational Reflection? A Mystico-Philosophical Examination of Shabistar\u012b\u2019s Rose Garden of Mystery<\/p>\n\n\n\n<style>.h_iframe-aparat_embed_frame{position:relative;}.h_iframe-aparat_embed_frame .ratio{display:block;width:100%;height:auto;}.h_iframe-aparat_embed_frame iframe{position:absolute;top:0;left:0;width:100%;height:100%;}<\/style><div class=\"h_iframe-aparat_embed_frame\"><span style=\"display: block;padding-top: 57%\"><\/span><iframe src=\"https:\/\/www.aparat.com\/video\/video\/embed\/videohash\/xze1u\/vt\/frame\" allowfullscreen=\"true\" webkitallowfullscreen=\"true\" mozallowfullscreen=\"true\"><\/iframe><\/div>\n\n\n\n<p class=\"has-text-align-center\">Hamidreza Ayatollahy: Epistemic Evaluation of Particular Religious Experiences or Spiritual States<\/p>\n\n\n\n<style>.h_iframe-aparat_embed_frame{position:relative;}.h_iframe-aparat_embed_frame .ratio{display:block;width:100%;height:auto;}.h_iframe-aparat_embed_frame iframe{position:absolute;top:0;left:0;width:100%;height:100%;}<\/style><div class=\"h_iframe-aparat_embed_frame\"><span style=\"display: block;padding-top: 57%\"><\/span><iframe src=\"https:\/\/www.aparat.com\/video\/video\/embed\/videohash\/1RnTC\/vt\/frame\" allowfullscreen=\"true\" webkitallowfullscreen=\"true\" mozallowfullscreen=\"true\"><\/iframe><\/div>\n\n\n\n<p class=\"has-text-align-center\"><strong>Pane 2, <strong><strong>Tuesday 9 May 2023<\/strong><\/strong>, 13:00 \u2013 15:00 (UTC), Mulla Sadra Hall (4<sup>th<\/sup> floor of VIP)<\/strong><\/p>\n\n\n\n<p class=\"has-text-align-center\">Mohammad Mahdi Morvarid: The Effect of Conflicting Claims on the Evidential Force of Religious Experiences <\/p>\n\n\n\n<style>.h_iframe-aparat_embed_frame{position:relative;}.h_iframe-aparat_embed_frame .ratio{display:block;width:100%;height:auto;}.h_iframe-aparat_embed_frame iframe{position:absolute;top:0;left:0;width:100%;height:100%;}<\/style><div class=\"h_iframe-aparat_embed_frame\"><span style=\"display: block;padding-top: 57%\"><\/span><iframe src=\"https:\/\/www.aparat.com\/video\/video\/embed\/videohash\/2oD9r\/vt\/frame\" allowfullscreen=\"true\" webkitallowfullscreen=\"true\" mozallowfullscreen=\"true\"><\/iframe><\/div>\n\n\n\n<p class=\"has-text-align-center\">As\u0131m Kaya: The Metaphysical Foundations of Criticisms of Religious Experience in The Case of J. L. Mackie<\/p>\n\n\n\n<style>.h_iframe-aparat_embed_frame{position:relative;}.h_iframe-aparat_embed_frame .ratio{display:block;width:100%;height:auto;}.h_iframe-aparat_embed_frame iframe{position:absolute;top:0;left:0;width:100%;height:100%;}<\/style><div class=\"h_iframe-aparat_embed_frame\"><span style=\"display: block;padding-top: 57%\"><\/span><iframe src=\"https:\/\/www.aparat.com\/video\/video\/embed\/videohash\/zKlXE\/vt\/frame\" allowfullscreen=\"true\" webkitallowfullscreen=\"true\" mozallowfullscreen=\"true\"><\/iframe><\/div>\n\n\n\n<p class=\"has-text-align-center\">S\u00fcmeyra Turan: New Atheist Approach to Religious Experience<\/p>\n\n\n\n<style>.h_iframe-aparat_embed_frame{position:relative;}.h_iframe-aparat_embed_frame .ratio{display:block;width:100%;height:auto;}.h_iframe-aparat_embed_frame iframe{position:absolute;top:0;left:0;width:100%;height:100%;}<\/style><div class=\"h_iframe-aparat_embed_frame\"><span style=\"display: block;padding-top: 57%\"><\/span><iframe src=\"https:\/\/www.aparat.com\/video\/video\/embed\/videohash\/xqDSI\/vt\/frame\" allowfullscreen=\"true\" webkitallowfullscreen=\"true\" mozallowfullscreen=\"true\"><\/iframe><\/div>\n\n\n\n<p class=\"has-text-align-center\">Rasoul Rasoulipour: The Varieties of the Sense of the Sacred<\/p>\n\n\n\n<style>.h_iframe-aparat_embed_frame{position:relative;}.h_iframe-aparat_embed_frame .ratio{display:block;width:100%;height:auto;}.h_iframe-aparat_embed_frame iframe{position:absolute;top:0;left:0;width:100%;height:100%;}<\/style><div class=\"h_iframe-aparat_embed_frame\"><span style=\"display: block;padding-top: 57%\"><\/span><iframe src=\"https:\/\/www.aparat.com\/video\/video\/embed\/videohash\/if3nw\/vt\/frame\" allowfullscreen=\"true\" webkitallowfullscreen=\"true\" mozallowfullscreen=\"true\"><\/iframe><\/div>\n\n\n\n<p class=\"has-text-align-center\"><strong>Panel 3, <strong>Tuesday 9 May 2023<\/strong><\/strong>,<strong> 12:50 \u2013 14:30 (UTC), <strong>Mulla Sadra Hall (4<sup>th<\/sup> floor of VIP)<\/strong><\/strong><\/p>\n\n\n\n<p class=\"has-text-align-center\">Saliha Uysal: Out-of-Body Experiences in Muslims <\/p>\n\n\n\n<style>.h_iframe-aparat_embed_frame{position:relative;}.h_iframe-aparat_embed_frame .ratio{display:block;width:100%;height:auto;}.h_iframe-aparat_embed_frame iframe{position:absolute;top:0;left:0;width:100%;height:100%;}<\/style><div class=\"h_iframe-aparat_embed_frame\"><span style=\"display: block;padding-top: 57%\"><\/span><iframe src=\"https:\/\/www.aparat.com\/video\/video\/embed\/videohash\/Q3o6s\/vt\/frame\" allowfullscreen=\"true\" webkitallowfullscreen=\"true\" mozallowfullscreen=\"true\"><\/iframe><\/div>\n\n\n\n<p class=\"has-text-align-center\">Franco Manni: God, His People, and Non-Aristotelian Virtues <\/p>\n\n\n\n<style>.h_iframe-aparat_embed_frame{position:relative;}.h_iframe-aparat_embed_frame .ratio{display:block;width:100%;height:auto;}.h_iframe-aparat_embed_frame iframe{position:absolute;top:0;left:0;width:100%;height:100%;}<\/style><div class=\"h_iframe-aparat_embed_frame\"><span style=\"display: block;padding-top: 57%\"><\/span><iframe src=\"https:\/\/www.aparat.com\/video\/video\/embed\/videohash\/Ip3iS\/vt\/frame\" allowfullscreen=\"true\" webkitallowfullscreen=\"true\" mozallowfullscreen=\"true\"><\/iframe><\/div>\n","protected":false},"excerpt":{"rendered":"<p>Keynote Speaker, Tuesday 9 May 2023, Main Hall of Campus Center Ayd\u0131n Topalo\u011flu: Erigena and Ibn Arabi on Mystical Experience Panel 1, Tuesday 9 May 2023, 13:00 \u2013 15:00 (UTC), Ibn-Sina Hall (7th floor of Campus Center) Bet\u00fcl Akdemir S\u00fcleyman: &hellip; <a href=\"https:\/\/en.iaphilor.org\/?page_id=990\">Continued<\/a><\/p>\n","protected":false},"author":1,"featured_media":0,"parent":0,"menu_order":0,"comment_status":"closed","ping_status":"closed","template":"","meta":[],"_links":{"self":[{"href":"https:\/\/en.iaphilor.org\/index.php?rest_route=\/wp\/v2\/pages\/990"}],"collection":[{"href":"https:\/\/en.iaphilor.org\/index.php?rest_route=\/wp\/v2\/pages"}],"about":[{"href":"https:\/\/en.iaphilor.org\/index.php?rest_route=\/wp\/v2\/types\/page"}],"author":[{"embeddable":true,"href":"https:\/\/en.iaphilor.org\/index.php?rest_route=\/wp\/v2\/users\/1"}],"replies":[{"embeddable":true,"href":"https:\/\/en.iaphilor.org\/index.php?rest_route=%2Fwp%2Fv2%2Fcomments&post=990"}],"version-history":[{"count":2,"href":"https:\/\/en.iaphilor.org\/index.php?rest_route=\/wp\/v2\/pages\/990\/revisions"}],"predecessor-version":[{"id":994,"href":"https:\/\/en.iaphilor.org\/index.php?rest_route=\/wp\/v2\/pages\/990\/revisions\/994"}],"wp:attachment":[{"href":"https:\/\/en.iaphilor.org\/index.php?rest_route=%2Fwp%2Fv2%2Fmedia&parent=990"}],"curies":[{"name":"wp","href":"https:\/\/api.w.org\/{rel}","templated":true}]}}

<p class="has-text-align-center"><strong>Keynote Speaker, Tuesday 9 May 2023, Main Hall of Campus Center</strong></p>



<p class="has-text-align-center">Aydın Topaloğlu: Erigena and Ibn Arabi on Mystical Experience</p>



<style>.h_iframe-aparat_embed_frame{position:relative;}.h_iframe-aparat_embed_frame .ratio{display:block;width:100%;height:auto;}.h_iframe-aparat_embed_frame iframe{position:absolute;top:0;left:0;width:100%;height:100%;}</style><div class="h_iframe-aparat_embed_frame"><span style="display: block;padding-top: 57%"></span><iframe src="https://www.aparat.com/video/video/embed/videohash/E3N6b/vt/frame" allowfullscreen="true" webkitallowfullscreen="true" mozallowfullscreen="true"></iframe></div>



<p class="has-text-align-center"><strong>Panel 1, <strong>Tuesday 9 May 2023</strong></strong>,<strong> 13:00 – 15:00 (UTC), Ibn-Sina Hall (7<sup>th</sup> floor of Campus Center)</strong></p>



<p class="has-text-align-center">Betül Akdemir Süleyman: Can I See God with My Body? </p>



<style>.h_iframe-aparat_embed_frame{position:relative;}.h_iframe-aparat_embed_frame .ratio{display:block;width:100%;height:auto;}.h_iframe-aparat_embed_frame iframe{position:absolute;top:0;left:0;width:100%;height:100%;}</style><div class="h_iframe-aparat_embed_frame"><span style="display: block;padding-top: 57%"></span><iframe src="https://www.aparat.com/video/video/embed/videohash/dP4fW/vt/frame" allowfullscreen="true" webkitallowfullscreen="true" mozallowfullscreen="true"></iframe></div>



<p class="has-text-align-center">Tugay Taşçı: Philosophical Theism and the Argument from Religious Experience: A Case for a Complementary Approach Based on Truth-Maker Theory</p>



<style>.h_iframe-aparat_embed_frame{position:relative;}.h_iframe-aparat_embed_frame .ratio{display:block;width:100%;height:auto;}.h_iframe-aparat_embed_frame iframe{position:absolute;top:0;left:0;width:100%;height:100%;}</style><div class="h_iframe-aparat_embed_frame"><span style="display: block;padding-top: 57%"></span><iframe src="https://www.aparat.com/video/video/embed/videohash/0Idq8/vt/frame" allowfullscreen="true" webkitallowfullscreen="true" mozallowfullscreen="true"></iframe></div>



<p class="has-text-align-center">Rasoul Rahbari Ghazani: Mystical Contemplation or Rational Reflection? A Mystico-Philosophical Examination of Shabistarī’s Rose Garden of Mystery</p>



<style>.h_iframe-aparat_embed_frame{position:relative;}.h_iframe-aparat_embed_frame .ratio{display:block;width:100%;height:auto;}.h_iframe-aparat_embed_frame iframe{position:absolute;top:0;left:0;width:100%;height:100%;}</style><div class="h_iframe-aparat_embed_frame"><span style="display: block;padding-top: 57%"></span><iframe src="https://www.aparat.com/video/video/embed/videohash/xze1u/vt/frame" allowfullscreen="true" webkitallowfullscreen="true" mozallowfullscreen="true"></iframe></div>



<p class="has-text-align-center">Hamidreza Ayatollahy: Epistemic Evaluation of Particular Religious Experiences or Spiritual States</p>



<style>.h_iframe-aparat_embed_frame{position:relative;}.h_iframe-aparat_embed_frame .ratio{display:block;width:100%;height:auto;}.h_iframe-aparat_embed_frame iframe{position:absolute;top:0;left:0;width:100%;height:100%;}</style><div class="h_iframe-aparat_embed_frame"><span style="display: block;padding-top: 57%"></span><iframe src="https://www.aparat.com/video/video/embed/videohash/1RnTC/vt/frame" allowfullscreen="true" webkitallowfullscreen="true" mozallowfullscreen="true"></iframe></div>



<p class="has-text-align-center"><strong>Pane 2, <strong><strong>Tuesday 9 May 2023</strong></strong>, 13:00 – 15:00 (UTC), Mulla Sadra Hall (4<sup>th</sup> floor of VIP)</strong></p>



<p class="has-text-align-center">Mohammad Mahdi Morvarid: The Effect of Conflicting Claims on the Evidential Force of Religious Experiences </p>



<style>.h_iframe-aparat_embed_frame{position:relative;}.h_iframe-aparat_embed_frame .ratio{display:block;width:100%;height:auto;}.h_iframe-aparat_embed_frame iframe{position:absolute;top:0;left:0;width:100%;height:100%;}</style><div class="h_iframe-aparat_embed_frame"><span style="display: block;padding-top: 57%"></span><iframe src="https://www.aparat.com/video/video/embed/videohash/2oD9r/vt/frame" allowfullscreen="true" webkitallowfullscreen="true" mozallowfullscreen="true"></iframe></div>



<p class="has-text-align-center">Asım Kaya: The Metaphysical Foundations of Criticisms of Religious Experience in The Case of J. L. Mackie</p>



<style>.h_iframe-aparat_embed_frame{position:relative;}.h_iframe-aparat_embed_frame .ratio{display:block;width:100%;height:auto;}.h_iframe-aparat_embed_frame iframe{position:absolute;top:0;left:0;width:100%;height:100%;}</style><div class="h_iframe-aparat_embed_frame"><span style="display: block;padding-top: 57%"></span><iframe src="https://www.aparat.com/video/video/embed/videohash/zKlXE/vt/frame" allowfullscreen="true" webkitallowfullscreen="true" mozallowfullscreen="true"></iframe></div>



<p class="has-text-align-center">Sümeyra Turan: New Atheist Approach to Religious Experience</p>



<style>.h_iframe-aparat_embed_frame{position:relative;}.h_iframe-aparat_embed_frame .ratio{display:block;width:100%;height:auto;}.h_iframe-aparat_embed_frame iframe{position:absolute;top:0;left:0;width:100%;height:100%;}</style><div class="h_iframe-aparat_embed_frame"><span style="display: block;padding-top: 57%"></span><iframe src="https://www.aparat.com/video/video/embed/videohash/xqDSI/vt/frame" allowfullscreen="true" webkitallowfullscreen="true" mozallowfullscreen="true"></iframe></div>



<p class="has-text-align-center">Rasoul Rasoulipour: The Varieties of the Sense of the Sacred</p>



<style>.h_iframe-aparat_embed_frame{position:relative;}.h_iframe-aparat_embed_frame .ratio{display:block;width:100%;height:auto;}.h_iframe-aparat_embed_frame iframe{position:absolute;top:0;left:0;width:100%;height:100%;}</style><div class="h_iframe-aparat_embed_frame"><span style="display: block;padding-top: 57%"></span><iframe src="https://www.aparat.com/video/video/embed/videohash/if3nw/vt/frame" allowfullscreen="true" webkitallowfullscreen="true" mozallowfullscreen="true"></iframe></div>



<p class="has-text-align-center"><strong>Panel 3, <strong>Tuesday 9 May 2023</strong></strong>,<strong> 12:50 – 14:30 (UTC), <strong>Mulla Sadra Hall (4<sup>th</sup> floor of VIP)</strong></strong></p>



<p class="has-text-align-center">Saliha Uysal: Out-of-Body Experiences in Muslims </p>



<style>.h_iframe-aparat_embed_frame{position:relative;}.h_iframe-aparat_embed_frame .ratio{display:block;width:100%;height:auto;}.h_iframe-aparat_embed_frame iframe{position:absolute;top:0;left:0;width:100%;height:100%;}</style><div class="h_iframe-aparat_embed_frame"><span style="display: block;padding-top: 57%"></span><iframe src="https://www.aparat.com/video/video/embed/videohash/Q3o6s/vt/frame" allowfullscreen="true" webkitallowfullscreen="true" mozallowfullscreen="true"></iframe></div>



<p class="has-text-align-center">Franco Manni: God, His People, and Non-Aristotelian Virtues </p>



<style>.h_iframe-aparat_embed_frame{position:relative;}.h_iframe-aparat_embed_frame .ratio{display:block;width:100%;height:auto;}.h_iframe-aparat_embed_frame iframe{position:absolute;top:0;left:0;width:100%;height:100%;}</style><div class="h_iframe-aparat_embed_frame"><span style="display: block;padding-top: 57%"></span><iframe src="https://www.aparat.com/video/video/embed/videohash/Ip3iS/vt/frame" allowfullscreen="true" webkitallowfullscreen="true" mozallowfullscreen="true"></iframe></div>

<p>Keynote Speaker, Tuesday 9 May 2023, Main Hall of Campus Center Aydın Topaloğlu: Erigena and Ibn Arabi on Mystical Experience Panel 1, Tuesday 9 May 2023, 13:00 – 15:00 (UTC), Ibn-Sina Hall (7th floor of Campus Center) Betül Akdemir Süleyman: &hellip; <a href="https://en.iaphilor.org/?page_id=990">Continued</a></p>
